6248210527 a composite number?
True
Is 526663073 composite?
False
Is 24540599173 a prime number?
False
Is 30411461 a composite number?
False
Is 99471391 a composite number?
False
Is 3182192131 a composite number?
True
Is 2634764439 prime?
False
Is 36642892019 composite?
False
Is 9340582087 a prime number?
True
Is 506771197 prime?
True
Is 139152883 a composite number?
False
Is 28865787869 a composite number?
False
Is 39086420537 a composite number?
True
Is 133323557 a prime number?
True
Is 776612267 a composite number?
False
Is 21510970003 prime?
True
Is 212353121 composite?
False
Is 65557416179 a composite number?
False
Is 10511168821 composite?
False
Is 13250468545 prime?
False
Is 443108681 prime?
False
Is 12783017857 composite?
False
Is 2883081281 a composite number?
False
Is 10466740267 a prime number?
False
Is 2436050791 a prime number?
True
Is 2637704981 a composite number?
True
Is 1650221711 composite?
True
Is 44438792947 a composite number?
True
Is 23907050889 prime?
False
Is 122303011 a prime number?
True
Is 46072108843 a prime number?
True
Is 7173559443 composite?
True
Is 19222484999 prime?
False
Is 5001048607 a prime number?
True
Is 1425975455 composite?
True
Is 128376261287 prime?
True
Is 5721742699 prime?
True
Is 1866650857 a prime number?
True
Is 3501707741 composite?
True
Is 4012579279 prime?
False
Is 6620563717 composite?
False
Is 53125252239 a composite number?
True
Is 180065429669 prime?
True
Is 1610162269 a prime number?
True
Is 312821611 composite?
True
Is 632769049 prime?
False
Is 3899634919 prime?
False
Is 13946520583 prime?
True
Is 176657911 composite?
False
Is 6518993363 a prime number?
False
Is 9950605723 a composite number?
False
Is 1568497339 composite?
False
Is 492556973 a composite number?
True
Is 2572625221 a prime number?
True
Is 66446953633 a composite number?
False
Is 402853169 a prime number?
True
Is 2153983087 composite?
False
Is 103260977 composite?
False
Is 14205294679 a prime number?
False
Is 9902747269 a composite number?
False
Is 3665416981 prime?
False
Is 688860119 composite?
False
Is 1733560249 a prime number?
True
Is 946323523 a composite number?
True
Is 1842393041 composite?
False
Is 205372943 composite?
True
Is 8958745373 a prime number?
True
Is 1355179195 a composite number?
True
Is 821242759 prime?
True
Is 4020789491 composite?
True
Is 136338988141 a prime number?
True
Is 30511528741 a prime number?
True
Is 2788276663 a prime number?
False
Is 29786414417 a composite number?
True
Is 277451861 composite?
True
Is 1980980237 a composite number?
False
Is 3988712111 a composite number?
True
Is 3724057977 a composite number?
True
Is 21534963677 a composite number?
True
Is 63148703447 a prime number?
True
Is 272091041 a composite number?
True
Is 12624372539 composite?
True
Is 1209148487 prime?
True
Is 689121439 a composite number?
True
Is 4880480993 a prime number?
True
Is 13052263013 a composite number?
False
Is 544364893 a prime number?
True
Is 41085949 a composite number?
False
Is 468665333 a composite number?
True
Is 38673371 a composite number?
True
Is 9023170567 a composite number?
False
Is 313674593 composite?
False
Is 22775269079 a prime number?
False
Is 16419258763 a prime number?
False
Is 2292856877 a prime number?
False
Is 9956187805 prime?
False
Is 31565514509 composite?
True
Is 155863866001 prime?
False
Is 285386027 prime?
False
Is 12980637001 a prime number?
True
Is 18885346663 prime?
True
Is 442308683 prime?
True
Is 3881382203 a composite number?
True
Is 4740941603 prime?
True
Is 1781892283 a composite number?
False
Is 16993943891 a composite number?
False
Is 30566791 a prime number?
True
Is 450213149 a composite number?
False
Is 29976152317 a composite number?
False
Is 59089127677 a composite number?
True
Is 2016212827 a composite number?
False
Is 221692329013 composite?
True
Is 18148860337 a composite number?
False
Is 1208489767 a composite number?
True
Is 41558987 a composite number?
True
Is 487208261 a prime number?
True
Is 1069840223 a prime number?
True
Is 933999691 composite?
True
Is 415687231 a composite number?
True
Is 75678069521 prime?
True
Is 26166461029 a prime number?
True
Is 15915212367 composite?
True
Is 605035691 a composite number?
True
Is 1566993867 composite?
True
Is 5749064963 composite?
True
Is 82740348011 a prime number?
False
Is 12984035489 prime?
True
Is 1322821739 prime?
False
Is 34358927333 a composite number?
False
Is 5460652007 prime?
True
Is 3188365613 a prime number?
False
Is 31318641961 a prime number?
True
Is 57794181701 a composite number?
False
Is 112019371 prime?
True
Is 5876929 a prime number?
True
Is 4902768419 a composite number?
True
Is 1533009145 a prime number?
False
Is 922658839 a composite number?
False
Is 183201593 prime?
True
Is 13370428691 prime?
False
Is 31675213 prime?
True
Is 1381619179 prime?
False
Is 415703933 prime?
False
Is 227344571 a prime number?
True
Is 3678260647 composite?
False
Is 115793701 a prime number?
False
Is 68960092949 prime?
False
Is 11487363821 a composite number?
True
Is 12939072647 composite?
False
Is 415574209 a prime number?
True
Is 846826681 prime?
True
Is 15645804443 composite?
True
Is 6953009801 composite?
False
Is 20043362021 composite?
False
Is 3909292117 a composite number?
True
Is 3093836381 a composite number?
False
Is 2628127261 prime?
True
Is 13813269593 composite?
False
Is 1807695674 prime?
False
Is 1089709811 a prime number?
True
Is 56835589687 prime?
True
Is 444207913 composite?
False
Is 520913 composite?
False
Is 1136403391 composite?
False
Is 623632453 a composite number?
False
Is 49439392053 a prime number?
False
Is 2543959865 a composite number?
True
Is 252030599 prime?
True
Is 124681447 a prime number?
False
Is 1375184981 a prime number?
False
Is 24111308231 a composite number?
True
Is 220659389 a prime number?
True
Is 15813914917 a composite number?
True
Is 15040281 a prime number?
False
Is 13825790791 composite?
False
Is 446470481 a composite number?
True
Is 12101819755 a prime number?
False
Is 1247906657 a prime number?
False
Is 1375004017 prime?
True
Is 73772030947 a composite number?
False
Is 429517141 a prime number?
False
Is 1257949639 prime?
False
Is 67956877453 a prime number?
True
Is 26564980537 a prime number?
True
Is 22528885187 a composite number?
False
Is 21603180199 a prime number?
True
Is 1962331477 a prime number?
True
Is 30410727509 composite?
False
Is 31572792049 a prime number?
False
Is 64279392451 composite?
False
Is 12679446797 composite?
False
Is 4307143529 prime?
False
Is 4210763671 prime?
False
Is 4477249085 composite?
True
Is 3582530687 a composite number?
True
Is 1354310879 prime?
True
Is 250061333 a composite number?
False
Is 368203333 prime?
True
Is 10149774269 prime?
True
Is 12010419605 prime?
False
Is 2032391447 a composite number?
False
Is 15343736047 a composite number?
False
Is 102264377 a composite number?
True
Is 3675844819 a prime number?
False
Is 419806931 a composite number?
True
Is 37727929333 composite?
False
Is 1120106389 a composite number?
False
Is 34605111 a composite number?
True
Is 955599157 prime?
True
Is 59713970023 composite?
True
Is 2270613641 composite?
False
Is 9651952501 prime?
False
Is 7188086767 composite?
True
Is 222877283 prime?
True
Is 2107752577 a prime number?
False
Is 597475171 prime?
True
Is 13384721201 prime?
False
Is 26121168499 a composite number?
True
Is 46550049493 composite?
True
Is 106829154191 a prime number?
False
Is 941668879 a composite number?
True
Is 408121039 prime?
False
Is 1353128593 prime?
True
Is 2063765227 a composite number?
False
Is 3078019141 prime?
False
Is 347484213467 a composite number?
True
Is 5954294111 prime?
False
Is 2145793121 composite?
True
Is 14450770753 composite?
True
Is 6733616709 a composite number?
True
Is 284076719 a prime number?
False
Is 54876727943 prime?
False
Is 11175952978 a prime number?
False
Is 5127344779 prime?
False
Is 624423409 composite?
False
Is 2263371199 a composite number?
False
Is 187374373 a composite number?
False
Is 1367907139 prime?
False
Is 254547881 composite?
True
Is 6619133249 a composite number?
False
Is 90610941403 a prime number?
True
Is 11106210469 a composite number?
True
Is 55601913649 a prime number?
False
Is 759173309 a prime number?
True
Is 8228658127 a compos